{"id":2439,"date":"2026-01-20T00:47:45","date_gmt":"2026-01-20T00:47:45","guid":{"rendered":"https:\/\/jsarevestimentos.pt\/?page_id=2439"},"modified":"2026-01-20T00:47:46","modified_gmt":"2026-01-20T00:47:46","slug":"chamines","status":"publish","type":"page","link":"https:\/\/jsarevestimentos.pt\/index.php\/chamines\/","title":{"rendered":"Chamin\u00e9s"},"content":{"rendered":"\n<div class=\"wp-block-group alignfull has-background eplus-wrapper is-layout-constrained wp-block-group-is-layout-constrained\" style=\"background-color:#363636e8;padding-top:var(--wp--preset--spacing--70);padding-bottom:var(--wp--preset--spacing--70)\"><div class=\"ep-custom-column wp-block-columns alignfull eplus-wrapper is-layout-flex wp-container-core-columns-is-layout-4ac88575 wp-block-columns-is-layout-flex eplus-styles-uid-2127b3\" style=\"margin-top:0;margin-bottom:0;padding-top:0;padding-right:var(--wp--preset--spacing--80);padding-bottom:0;padding-left:var(--wp--preset--spacing--80)\">\n<div class=\"wp-block-column eplus-wrapper is-layout-flow wp-block-column-is-layout-flow\" style=\"flex-basis:50%\">\n<p><span style=\"font-size: 24pt;\"><strong><span style=\"color: #ffffff;\">Chamin\u00e9s e chap\u00e9us de ventila\u00e7\u00e3o<\/span><\/strong><\/span><\/p>\n<\/div>\n\n\n\n<div class=\"wp-block-column eplus-wrapper is-layout-flow wp-block-column-is-layout-flow\" style=\"flex-basis:50%\"><style>.wp-block-kadence-advancedgallery.kb-gallery-wrap-id-2439_7cb6bd-b6{margin-bottom:0px;padding-top:0px;}.kb-gallery-id-2439_7cb6bd-b6 .kadence-blocks-gallery-item .kb-gal-image-radius, .kb-gallery-id-2439_7cb6bd-b6 .kb-slide-item .kb-gal-image-radius img{border-radius:0px 0px 0px 0px;;}.kb-gallery-wrap-id-2439_7cb6bd-b6.wp-block-kadence-advancedgallery{overflow:visible;}.kb-gallery-wrap-id-2439_7cb6bd-b6.wp-block-kadence-advancedgallery .kt-blocks-carousel{overflow:visible;}.kb-gallery-id-2439_7cb6bd-b6 .splide.kt-carousel-dotstyle-light .splide__pagination__page, .kb-gallery-id-2439_7cb6bd-b6 .splide.kt-carousel-dotstyle-light .splide__pagination__page.is-active{background-color:#fff;}<\/style><div class=\"kb-gallery-wrap-id-2439_7cb6bd-b6 alignnone wp-block-kadence-advancedgallery\"><div class=\"kb-gallery-ul kb-gallery-non-static kb-gallery-type-slider kb-gallery-id-2439_7cb6bd-b6 kb-gallery-caption-style-bottom-hover kb-gallery-filter-none\" data-image-filter=\"none\" data-lightbox-caption=\"true\"><div class=\"kt-blocks-carousel splide kt-carousel-container-dotstyle-light kt-carousel-arrowstyle-blackonlight kt-carousel-dotstyle-light kb-slider-group-arrow kb-slider-arrow-position-center\" data-slider-anim-speed=\"400\" data-slider-scroll=\"1\" data-slider-arrows=\"true\" data-slider-fade=\"true\" data-slider-dots=\"true\" data-slider-type=\"slider\" data-slider-hover-pause=\"false\" data-slider-auto=\"\" data-slider-speed=\"7000\" data-show-pause-button=\"false\"><div class=\"splide__track\"><ul class=\"kt-blocks-carousel-init kb-blocks-slider splide__list\"><li class=\"kb-slide-item kb-gallery-slide-item splide__slide\"><div class=\"kadence-blocks-gallery-item\"><div class=\"kadence-blocks-gallery-item-inner\"><figure class=\"kb-gallery-figure kadence-blocks-gallery-item-hide-caption\"><div class=\"kb-gal-image-radius\"><div class=\"kb-gallery-image-contain kadence-blocks-gallery-intrinsic kb-gallery-image-ratio-land32 kb-has-image-ratio-land32\"><img loading=\"lazy\" decoding=\"async\" src=\"https:\/\/jsarevestimentos.pt\/wp-content\/uploads\/2026\/01\/Chapeus-de-Chamine-e-Respiros-de-Ventilacao-1-1024x768.jpg\" width=\"1024\" height=\"768\" alt=\"\" data-full-image=\"https:\/\/jsarevestimentos.pt\/wp-content\/uploads\/2026\/01\/Chapeus-de-Chamine-e-Respiros-de-Ventilacao-1-scaled.jpg\" data-light-image=\"https:\/\/jsarevestimentos.pt\/wp-content\/uploads\/2026\/01\/Chapeus-de-Chamine-e-Respiros-de-Ventilacao-1-scaled.jpg\" data-id=\"2435\" class=\"wp-image-2435 skip-lazy\" srcset=\"https:\/\/jsarevestimentos.pt\/wp-content\/uploads\/2026\/01\/Chapeus-de-Chamine-e-Respiros-de-Ventilacao-1-1024x768.jpg 1024w, https:\/\/jsarevestimentos.pt\/wp-content\/uploads\/2026\/01\/Chapeus-de-Chamine-e-Respiros-de-Ventilacao-1-300x225.jpg 300w, https:\/\/jsarevestimentos.pt\/wp-content\/uploads\/2026\/01\/Chapeus-de-Chamine-e-Respiros-de-Ventilacao-1-768x576.jpg 768w, https:\/\/jsarevestimentos.pt\/wp-content\/uploads\/2026\/01\/Chapeus-de-Chamine-e-Respiros-de-Ventilacao-1-1536x1152.jpg 1536w, https:\/\/jsarevestimentos.pt\/wp-content\/uploads\/2026\/01\/Chapeus-de-Chamine-e-Respiros-de-Ventilacao-1-2048x1536.jpg 2048w\" sizes=\"auto, (max-width: 1024px) 100vw, 1024px\" \/><\/div><\/div><\/figure><\/div><\/div><\/li><li class=\"kb-slide-item kb-gallery-slide-item splide__slide\"><div class=\"kadence-blocks-gallery-item\"><div class=\"kadence-blocks-gallery-item-inner\"><figure class=\"kb-gallery-figure kadence-blocks-gallery-item-hide-caption\"><div class=\"kb-gal-image-radius\"><div class=\"kb-gallery-image-contain kadence-blocks-gallery-intrinsic kb-gallery-image-ratio-land32 kb-has-image-ratio-land32\"><img loading=\"lazy\" decoding=\"async\" src=\"https:\/\/jsarevestimentos.pt\/wp-content\/uploads\/2026\/01\/IMG-0074-1024x683.jpg\" width=\"1024\" height=\"683\" alt=\"\" data-full-image=\"https:\/\/jsarevestimentos.pt\/wp-content\/uploads\/2026\/01\/IMG-0074-scaled.jpg\" data-light-image=\"https:\/\/jsarevestimentos.pt\/wp-content\/uploads\/2026\/01\/IMG-0074-scaled.jpg\" data-id=\"2444\" class=\"wp-image-2444 skip-lazy\" srcset=\"https:\/\/jsarevestimentos.pt\/wp-content\/uploads\/2026\/01\/IMG-0074-1024x683.jpg 1024w, https:\/\/jsarevestimentos.pt\/wp-content\/uploads\/2026\/01\/IMG-0074-300x200.jpg 300w, https:\/\/jsarevestimentos.pt\/wp-content\/uploads\/2026\/01\/IMG-0074-768x512.jpg 768w, https:\/\/jsarevestimentos.pt\/wp-content\/uploads\/2026\/01\/IMG-0074-1536x1024.jpg 1536w, https:\/\/jsarevestimentos.pt\/wp-content\/uploads\/2026\/01\/IMG-0074-2048x1365.jpg 2048w\" sizes=\"auto, (max-width: 1024px) 100vw, 1024px\" \/><\/div><\/div><\/figure><\/div><\/div><\/li><li class=\"kb-slide-item kb-gallery-slide-item splide__slide\"><div class=\"kadence-blocks-gallery-item\"><div class=\"kadence-blocks-gallery-item-inner\"><figure class=\"kb-gallery-figure kadence-blocks-gallery-item-hide-caption\"><div class=\"kb-gal-image-radius\"><div class=\"kb-gallery-image-contain kadence-blocks-gallery-intrinsic kb-gallery-image-ratio-land32 kb-has-image-ratio-land32\"><img loading=\"lazy\" decoding=\"async\" src=\"https:\/\/jsarevestimentos.pt\/wp-content\/uploads\/2026\/01\/c2b0524f-f460-4293-b0db-776bec9048ff-1024x683.jpg\" width=\"1024\" height=\"683\" alt=\"\" data-full-image=\"https:\/\/jsarevestimentos.pt\/wp-content\/uploads\/2026\/01\/c2b0524f-f460-4293-b0db-776bec9048ff.jpg\" data-light-image=\"https:\/\/jsarevestimentos.pt\/wp-content\/uploads\/2026\/01\/c2b0524f-f460-4293-b0db-776bec9048ff.jpg\" data-id=\"2442\" class=\"wp-image-2442 skip-lazy\" srcset=\"https:\/\/jsarevestimentos.pt\/wp-content\/uploads\/2026\/01\/c2b0524f-f460-4293-b0db-776bec9048ff-1024x683.jpg 1024w, https:\/\/jsarevestimentos.pt\/wp-content\/uploads\/2026\/01\/c2b0524f-f460-4293-b0db-776bec9048ff-300x200.jpg 300w, https:\/\/jsarevestimentos.pt\/wp-content\/uploads\/2026\/01\/c2b0524f-f460-4293-b0db-776bec9048ff-768x512.jpg 768w, https:\/\/jsarevestimentos.pt\/wp-content\/uploads\/2026\/01\/c2b0524f-f460-4293-b0db-776bec9048ff.jpg 1440w\" sizes=\"auto, (max-width: 1024px) 100vw, 1024px\" \/><\/div><\/div><\/figure><\/div><\/div><\/li><li class=\"kb-slide-item kb-gallery-slide-item splide__slide\"><div class=\"kadence-blocks-gallery-item\"><div class=\"kadence-blocks-gallery-item-inner\"><figure class=\"kb-gallery-figure kadence-blocks-gallery-item-hide-caption\"><div class=\"kb-gal-image-radius\"><div class=\"kb-gallery-image-contain kadence-blocks-gallery-intrinsic kb-gallery-image-ratio-land32 kb-has-image-ratio-land32\"><img loading=\"lazy\" decoding=\"async\" src=\"https:\/\/jsarevestimentos.pt\/wp-content\/uploads\/2026\/01\/f73916e7-d33f-4ec1-9256-42f24999bec4-1024x698.jpg\" width=\"1024\" height=\"698\" alt=\"\" data-full-image=\"https:\/\/jsarevestimentos.pt\/wp-content\/uploads\/2026\/01\/f73916e7-d33f-4ec1-9256-42f24999bec4.jpg\" data-light-image=\"https:\/\/jsarevestimentos.pt\/wp-content\/uploads\/2026\/01\/f73916e7-d33f-4ec1-9256-42f24999bec4.jpg\" data-id=\"2443\" class=\"wp-image-2443 skip-lazy\" srcset=\"https:\/\/jsarevestimentos.pt\/wp-content\/uploads\/2026\/01\/f73916e7-d33f-4ec1-9256-42f24999bec4-1024x698.jpg 1024w, https:\/\/jsarevestimentos.pt\/wp-content\/uploads\/2026\/01\/f73916e7-d33f-4ec1-9256-42f24999bec4-300x205.jpg 300w, https:\/\/jsarevestimentos.pt\/wp-content\/uploads\/2026\/01\/f73916e7-d33f-4ec1-9256-42f24999bec4-768x524.jpg 768w, https:\/\/jsarevestimentos.pt\/wp-content\/uploads\/2026\/01\/f73916e7-d33f-4ec1-9256-42f24999bec4.jpg 1239w\" sizes=\"auto, (max-width: 1024px) 100vw, 1024px\" \/><\/div><\/div><\/figure><\/div><\/div><\/li><li class=\"kb-slide-item kb-gallery-slide-item splide__slide\"><div class=\"kadence-blocks-gallery-item\"><div class=\"kadence-blocks-gallery-item-inner\"><figure class=\"kb-gallery-figure kadence-blocks-gallery-item-hide-caption\"><div class=\"kb-gal-image-radius\"><div class=\"kb-gallery-image-contain kadence-blocks-gallery-intrinsic kb-gallery-image-ratio-land32 kb-has-image-ratio-land32\"><img loading=\"lazy\" decoding=\"async\" src=\"https:\/\/jsarevestimentos.pt\/wp-content\/uploads\/2026\/01\/57e451bd-c6bb-4ffc-a4ce-080ed33c755b.jpg\" width=\"887\" height=\"592\" alt=\"\" data-full-image=\"https:\/\/jsarevestimentos.pt\/wp-content\/uploads\/2026\/01\/57e451bd-c6bb-4ffc-a4ce-080ed33c755b.jpg\" data-light-image=\"https:\/\/jsarevestimentos.pt\/wp-content\/uploads\/2026\/01\/57e451bd-c6bb-4ffc-a4ce-080ed33c755b.jpg\" data-id=\"2440\" class=\"wp-image-2440 skip-lazy\" srcset=\"https:\/\/jsarevestimentos.pt\/wp-content\/uploads\/2026\/01\/57e451bd-c6bb-4ffc-a4ce-080ed33c755b.jpg 887w, https:\/\/jsarevestimentos.pt\/wp-content\/uploads\/2026\/01\/57e451bd-c6bb-4ffc-a4ce-080ed33c755b-300x200.jpg 300w, https:\/\/jsarevestimentos.pt\/wp-content\/uploads\/2026\/01\/57e451bd-c6bb-4ffc-a4ce-080ed33c755b-768x513.jpg 768w\" sizes=\"auto, (max-width: 887px) 100vw, 887px\" \/><\/div><\/div><\/figure><\/div><\/div><\/li><li class=\"kb-slide-item kb-gallery-slide-item splide__slide\"><div class=\"kadence-blocks-gallery-item\"><div class=\"kadence-blocks-gallery-item-inner\"><figure class=\"kb-gallery-figure kadence-blocks-gallery-item-hide-caption\"><div class=\"kb-gal-image-radius\"><div class=\"kb-gallery-image-contain kadence-blocks-gallery-intrinsic kb-gallery-image-ratio-land32 kb-has-image-ratio-land32\"><img loading=\"lazy\" decoding=\"async\" src=\"https:\/\/jsarevestimentos.pt\/wp-content\/uploads\/2026\/01\/IMG-3884-1024x683.jpg\" width=\"1024\" height=\"683\" alt=\"\" data-full-image=\"https:\/\/jsarevestimentos.pt\/wp-content\/uploads\/2026\/01\/IMG-3884-scaled.jpg\" data-light-image=\"https:\/\/jsarevestimentos.pt\/wp-content\/uploads\/2026\/01\/IMG-3884-scaled.jpg\" data-id=\"2448\" class=\"wp-image-2448 skip-lazy\" srcset=\"https:\/\/jsarevestimentos.pt\/wp-content\/uploads\/2026\/01\/IMG-3884-1024x683.jpg 1024w, https:\/\/jsarevestimentos.pt\/wp-content\/uploads\/2026\/01\/IMG-3884-300x200.jpg 300w, https:\/\/jsarevestimentos.pt\/wp-content\/uploads\/2026\/01\/IMG-3884-768x512.jpg 768w, https:\/\/jsarevestimentos.pt\/wp-content\/uploads\/2026\/01\/IMG-3884-1536x1024.jpg 1536w, https:\/\/jsarevestimentos.pt\/wp-content\/uploads\/2026\/01\/IMG-3884-2048x1365.jpg 2048w\" sizes=\"auto, (max-width: 1024px) 100vw, 1024px\" \/><\/div><\/div><\/figure><\/div><\/div><\/li><li class=\"kb-slide-item kb-gallery-slide-item splide__slide\"><div class=\"kadence-blocks-gallery-item\"><div class=\"kadence-blocks-gallery-item-inner\"><figure class=\"kb-gallery-figure kadence-blocks-gallery-item-hide-caption\"><div class=\"kb-gal-image-radius\"><div class=\"kb-gallery-image-contain kadence-blocks-gallery-intrinsic kb-gallery-image-ratio-land32 kb-has-image-ratio-land32\"><img loading=\"lazy\" decoding=\"async\" src=\"https:\/\/jsarevestimentos.pt\/wp-content\/uploads\/2026\/01\/IMG-0339-1024x683.jpg\" width=\"1024\" height=\"683\" alt=\"\" data-full-image=\"https:\/\/jsarevestimentos.pt\/wp-content\/uploads\/2026\/01\/IMG-0339-scaled.jpg\" data-light-image=\"https:\/\/jsarevestimentos.pt\/wp-content\/uploads\/2026\/01\/IMG-0339-scaled.jpg\" data-id=\"2445\" class=\"wp-image-2445 skip-lazy\" srcset=\"https:\/\/jsarevestimentos.pt\/wp-content\/uploads\/2026\/01\/IMG-0339-1024x683.jpg 1024w, https:\/\/jsarevestimentos.pt\/wp-content\/uploads\/2026\/01\/IMG-0339-300x200.jpg 300w, https:\/\/jsarevestimentos.pt\/wp-content\/uploads\/2026\/01\/IMG-0339-768x512.jpg 768w, https:\/\/jsarevestimentos.pt\/wp-content\/uploads\/2026\/01\/IMG-0339-1536x1024.jpg 1536w, https:\/\/jsarevestimentos.pt\/wp-content\/uploads\/2026\/01\/IMG-0339-2048x1365.jpg 2048w\" sizes=\"auto, (max-width: 1024px) 100vw, 1024px\" \/><\/div><\/div><\/figure><\/div><\/div><\/li><li class=\"kb-slide-item kb-gallery-slide-item splide__slide\"><div class=\"kadence-blocks-gallery-item\"><div class=\"kadence-blocks-gallery-item-inner\"><figure class=\"kb-gallery-figure kadence-blocks-gallery-item-hide-caption\"><div class=\"kb-gal-image-radius\"><div class=\"kb-gallery-image-contain kadence-blocks-gallery-intrinsic kb-gallery-image-ratio-land32 kb-has-image-ratio-land32\"><img loading=\"lazy\" decoding=\"async\" src=\"https:\/\/jsarevestimentos.pt\/wp-content\/uploads\/2026\/01\/IMG-1612-1024x683.jpg\" width=\"1024\" height=\"683\" alt=\"\" data-full-image=\"https:\/\/jsarevestimentos.pt\/wp-content\/uploads\/2026\/01\/IMG-1612-scaled.jpg\" data-light-image=\"https:\/\/jsarevestimentos.pt\/wp-content\/uploads\/2026\/01\/IMG-1612-scaled.jpg\" data-id=\"2447\" class=\"wp-image-2447 skip-lazy\" srcset=\"https:\/\/jsarevestimentos.pt\/wp-content\/uploads\/2026\/01\/IMG-1612-1024x683.jpg 1024w, https:\/\/jsarevestimentos.pt\/wp-content\/uploads\/2026\/01\/IMG-1612-300x200.jpg 300w, https:\/\/jsarevestimentos.pt\/wp-content\/uploads\/2026\/01\/IMG-1612-768x512.jpg 768w, https:\/\/jsarevestimentos.pt\/wp-content\/uploads\/2026\/01\/IMG-1612-1536x1024.jpg 1536w, https:\/\/jsarevestimentos.pt\/wp-content\/uploads\/2026\/01\/IMG-1612-2048x1365.jpg 2048w\" sizes=\"auto, (max-width: 1024px) 100vw, 1024px\" \/><\/div><\/div><\/figure><\/div><\/div><\/li><li class=\"kb-slide-item kb-gallery-slide-item splide__slide\"><div class=\"kadence-blocks-gallery-item\"><div class=\"kadence-blocks-gallery-item-inner\"><figure class=\"kb-gallery-figure kadence-blocks-gallery-item-hide-caption\"><div class=\"kb-gal-image-radius\"><div class=\"kb-gallery-image-contain kadence-blocks-gallery-intrinsic kb-gallery-image-ratio-land32 kb-has-image-ratio-land32\"><img loading=\"lazy\" decoding=\"async\" src=\"https:\/\/jsarevestimentos.pt\/wp-content\/uploads\/2026\/01\/853ac6e2-791f-46ad-9d0d-f35f2eca9794.jpg\" width=\"886\" height=\"591\" alt=\"\" data-full-image=\"https:\/\/jsarevestimentos.pt\/wp-content\/uploads\/2026\/01\/853ac6e2-791f-46ad-9d0d-f35f2eca9794.jpg\" data-light-image=\"https:\/\/jsarevestimentos.pt\/wp-content\/uploads\/2026\/01\/853ac6e2-791f-46ad-9d0d-f35f2eca9794.jpg\" data-id=\"2441\" class=\"wp-image-2441 skip-lazy\" srcset=\"https:\/\/jsarevestimentos.pt\/wp-content\/uploads\/2026\/01\/853ac6e2-791f-46ad-9d0d-f35f2eca9794.jpg 886w, https:\/\/jsarevestimentos.pt\/wp-content\/uploads\/2026\/01\/853ac6e2-791f-46ad-9d0d-f35f2eca9794-300x200.jpg 300w, https:\/\/jsarevestimentos.pt\/wp-content\/uploads\/2026\/01\/853ac6e2-791f-46ad-9d0d-f35f2eca9794-768x512.jpg 768w\" sizes=\"auto, (max-width: 886px) 100vw, 886px\" \/><\/div><\/div><\/figure><\/div><\/div><\/li><li class=\"kb-slide-item kb-gallery-slide-item splide__slide\"><div class=\"kadence-blocks-gallery-item\"><div class=\"kadence-blocks-gallery-item-inner\"><figure class=\"kb-gallery-figure kadence-blocks-gallery-item-hide-caption\"><div class=\"kb-gal-image-radius\"><div class=\"kb-gallery-image-contain kadence-blocks-gallery-intrinsic kb-gallery-image-ratio-land32 kb-has-image-ratio-land32\"><img loading=\"lazy\" decoding=\"async\" src=\"https:\/\/jsarevestimentos.pt\/wp-content\/uploads\/2026\/01\/IMG-1611-1024x683.jpg\" width=\"1024\" height=\"683\" alt=\"\" data-full-image=\"https:\/\/jsarevestimentos.pt\/wp-content\/uploads\/2026\/01\/IMG-1611-scaled.jpg\" data-light-image=\"https:\/\/jsarevestimentos.pt\/wp-content\/uploads\/2026\/01\/IMG-1611-scaled.jpg\" data-id=\"2446\" class=\"wp-image-2446 skip-lazy\" srcset=\"https:\/\/jsarevestimentos.pt\/wp-content\/uploads\/2026\/01\/IMG-1611-1024x683.jpg 1024w, https:\/\/jsarevestimentos.pt\/wp-content\/uploads\/2026\/01\/IMG-1611-300x200.jpg 300w, https:\/\/jsarevestimentos.pt\/wp-content\/uploads\/2026\/01\/IMG-1611-768x512.jpg 768w, https:\/\/jsarevestimentos.pt\/wp-content\/uploads\/2026\/01\/IMG-1611-1536x1024.jpg 1536w, https:\/\/jsarevestimentos.pt\/wp-content\/uploads\/2026\/01\/IMG-1611-2048x1365.jpg 2048w\" sizes=\"auto, (max-width: 1024px) 100vw, 1024px\" \/><\/div><\/div><\/figure><\/div><\/div><\/li><\/ul><\/div><\/div><\/div><\/div><\/div>\n<\/div><\/div>\n","protected":false},"excerpt":{"rendered":"<p>Chamin\u00e9s e chap\u00e9us de ventila\u00e7\u00e3o<\/p>\n","protected":false},"author":1,"featured_media":0,"parent":0,"menu_order":0,"comment_status":"closed","ping_status":"closed","template":"","meta":{"_uag_custom_page_level_css":"","editor_plus_copied_stylings":"{}","site-sidebar-layout":"default","site-content-layout":"","ast-site-content-layout":"default","site-content-style":"default","site-sidebar-style":"default","ast-global-header-display":"","ast-banner-title-visibility":"","ast-main-header-display":"","ast-hfb-above-header-display":"","ast-hfb-below-header-display":"","ast-hfb-mobile-header-display":"","site-post-title":"disabled","ast-breadcrumbs-content":"","ast-featured-img":"","footer-sml-layout":"","ast-disable-related-posts":"","theme-transparent-header-meta":"","adv-header-id-meta":"","stick-header-meta":"","header-above-stick-meta":"","header-main-stick-meta":"","header-below-stick-meta":"","astra-migrate-meta-layouts":"default","ast-page-background-enabled":"default","ast-page-background-meta":{"desktop":{"background-color":"var(--ast-global-color-5)","background-image":"","background-repeat":"repeat","background-position":"center center","background-size":"auto","background-attachment":"scroll","background-type":"","background-media":"","overlay-type":"","overlay-color":"","overlay-opacity":"","overlay-gradient":""},"tablet":{"background-color":"","background-image":"","background-repeat":"repeat","background-position":"center center","background-size":"auto","background-attachment":"scroll","background-type":"","background-media":"","overlay-type":"","overlay-color":"","overlay-opacity":"","overlay-gradient":""},"mobile":{"background-color":"","background-image":"","background-repeat":"repeat","background-position":"center center","background-size":"auto","background-attachment":"scroll","background-type":"","background-media":"","overlay-type":"","overlay-color":"","overlay-opacity":"","overlay-gradient":""}},"ast-content-background-meta":{"desktop":{"background-color":"var(--ast-global-color-4)","background-image":"","background-repeat":"repeat","background-position":"center center","background-size":"auto","background-attachment":"scroll","background-type":"","background-media":"","overlay-type":"","overlay-color":"","overlay-opacity":"","overlay-gradient":""},"tablet":{"background-color":"var(--ast-global-color-4)","background-image":"","background-repeat":"repeat","background-position":"center center","background-size":"auto","background-attachment":"scroll","background-type":"","background-media":"","overlay-type":"","overlay-color":"","overlay-opacity":"","overlay-gradient":""},"mobile":{"background-color":"var(--ast-global-color-4)","background-image":"","background-repeat":"repeat","background-position":"center center","background-size":"auto","background-attachment":"scroll","background-type":"","background-media":"","overlay-type":"","overlay-color":"","overlay-opacity":"","overlay-gradient":""}},"footnotes":""},"class_list":["post-2439","page","type-page","status-publish","hentry"],"uagb_featured_image_src":{"full":false,"thumbnail":false,"medium":false,"medium_large":false,"large":false,"1536x1536":false,"2048x2048":false},"uagb_author_info":{"display_name":"admin","author_link":"https:\/\/jsarevestimentos.pt\/index.php\/author\/offsystems\/"},"uagb_comment_info":0,"uagb_excerpt":"Chamin\u00e9s e chap\u00e9us de ventila\u00e7\u00e3o","_links":{"self":[{"href":"https:\/\/jsarevestimentos.pt\/index.php\/wp-json\/wp\/v2\/pages\/2439","targetHints":{"allow":["GET"]}}],"collection":[{"href":"https:\/\/jsarevestimentos.pt\/index.php\/wp-json\/wp\/v2\/pages"}],"about":[{"href":"https:\/\/jsarevestimentos.pt\/index.php\/wp-json\/wp\/v2\/types\/page"}],"author":[{"embeddable":true,"href":"https:\/\/jsarevestimentos.pt\/index.php\/wp-json\/wp\/v2\/users\/1"}],"replies":[{"embeddable":true,"href":"https:\/\/jsarevestimentos.pt\/index.php\/wp-json\/wp\/v2\/comments?post=2439"}],"version-history":[{"count":1,"href":"https:\/\/jsarevestimentos.pt\/index.php\/wp-json\/wp\/v2\/pages\/2439\/revisions"}],"predecessor-version":[{"id":2449,"href":"https:\/\/jsarevestimentos.pt\/index.php\/wp-json\/wp\/v2\/pages\/2439\/revisions\/2449"}],"wp:attachment":[{"href":"https:\/\/jsarevestimentos.pt\/index.php\/wp-json\/wp\/v2\/media?parent=2439"}],"curies":[{"name":"wp","href":"https:\/\/api.w.org\/{rel}","templated":true}]}}